{"id":13,"date":"2015-02-12T12:58:48","date_gmt":"2015-02-12T12:58:48","guid":{"rendered":"http:\/\/kennel-podologue-phalsbourg.fr\/?page_id=13"},"modified":"2025-05-08T09:46:44","modified_gmt":"2025-05-08T08:46:44","slug":"contact","status":"publish","type":"page","link":"https:\/\/www.kennel-podologue-phalsbourg.fr\/?page_id=13","title":{"rendered":"Plan d&rsquo;acc\u00e8s"},"content":{"rendered":"<div class=\"fusion-fullwidth fullwidth-box fusion-builder-row-1 hundred-percent-fullwidth non-hundred-percent-height-scrolling\" style=\"--awb-border-radius-top-left:0px;--awb-border-radius-top-right:0px;--awb-border-radius-bottom-right:0px;--awb-border-radius-bottom-left:0px;--awb-overflow:visible;--awb-flex-wrap:wrap;\" ><div class=\"fusion-builder-row fusion-row\"><div class=\"fusion-layout-column fusion_builder_column fusion-builder-column-0 fusion_builder_column_4_5 4_5 fusion-four-fifth fusion-column-first\" style=\"--awb-overflow:hidden;--awb-bg-size:cover;--awb-box-shadow: 0px 0px ;;--awb-border-radius:10px 10px 10px 10px;width:80%;width:calc(80% - ( ( 4% ) * 0.8 ) );margin-right: 4%;\" data-scroll-devices=\"small-visibility,medium-visibility,large-visibility\"><div class=\"fusion-column-wrapper fusion-column-has-shadow fusion-flex-column-wrapper-legacy\"><div class=\"fusion-column-content-centered\"><div class=\"fusion-column-content\"><iframe src=\"https:\/\/www.google.com\/maps\/embed?pb=!1m18!1m12!1m3!1d328.71801801033314!2d7.260072521988513!3d48.76768213572551!2m3!1f0!2f0!3f0!3m2!1i1024!2i768!4f13.1!3m3!1m2!1s0x4794192b81df66b3%3A0x86c31fb83665f2c0!2sMarie-Laure%20KENNEL-WOLOSZCZYK!5e0!3m2!1sfr!2sfr!4v1746690127228!5m2!1sfr!2sfr\" width=\"1000\" height=\"670\" style=\"display: block; margin: auto;border:0;\" allowfullscreen=\"\" loading=\"lazy\" referrerpolicy=\"no-referrer-when-downgrade\"><\/iframe><\/div><\/div><div class=\"fusion-clearfix\"><\/div><\/div><\/div><div class=\"fusion-layout-column fusion_builder_column fusion-builder-column-1 fusion_builder_column_1_5 1_5 fusion-one-fifth fusion-column-last\" style=\"--awb-overflow:hidden;--awb-bg-size:cover;--awb-box-shadow: 0px 0px ;;--awb-border-radius:10px 10px 10px 10px;width:20%;width:calc(20% - ( ( 4% ) * 0.2 ) );\" data-scroll-devices=\"small-visibility,medium-visibility,large-visibility\"><div class=\"fusion-column-wrapper fusion-column-has-shadow fusion-flex-column-wrapper-legacy\"><div class=\"fusion-column-content-centered\"><div class=\"fusion-column-content\"><div class=\"fusion-image-element in-legacy-container\" style=\"--awb-margin-bottom:20px;--awb-caption-title-font-family:var(--h2_typography-font-family);--awb-caption-title-font-weight:var(--h2_typography-font-weight);--awb-caption-title-font-style:var(--h2_typography-font-style);--awb-caption-title-size:var(--h2_typography-font-size);--awb-caption-title-transform:var(--h2_typography-text-transform);--awb-caption-title-line-height:var(--h2_typography-line-height);--awb-caption-title-letter-spacing:var(--h2_typography-letter-spacing);\"><span class=\" fusion-imageframe imageframe-none imageframe-1 hover-type-none\"><img decoding=\"async\" width=\"740\" height=\"1016\" title=\"Capture d\u2019e\u0301cran 2025-05-08 a\u0300 10.09.54\" src=\"https:\/\/www.kennel-podologue-phalsbourg.fr\/wp-content\/uploads\/2025\/05\/Capture-decran-2025-05-08-a-10.09.54.png\" alt class=\"img-responsive wp-image-965\" srcset=\"https:\/\/www.kennel-podologue-phalsbourg.fr\/wp-content\/uploads\/2025\/05\/Capture-decran-2025-05-08-a-10.09.54-200x275.png 200w, https:\/\/www.kennel-podologue-phalsbourg.fr\/wp-content\/uploads\/2025\/05\/Capture-decran-2025-05-08-a-10.09.54-400x549.png 400w, https:\/\/www.kennel-podologue-phalsbourg.fr\/wp-content\/uploads\/2025\/05\/Capture-decran-2025-05-08-a-10.09.54-600x824.png 600w, https:\/\/www.kennel-podologue-phalsbourg.fr\/wp-content\/uploads\/2025\/05\/Capture-decran-2025-05-08-a-10.09.54.png 740w\" sizes=\"(max-width: 800px) 100vw, 400px\" \/><\/span><\/div><div class=\"fusion-image-element fusion-image-align-center in-legacy-container\" style=\"text-align:center;--awb-margin-top:20px;--awb-caption-title-font-family:var(--h2_typography-font-family);--awb-caption-title-font-weight:var(--h2_typography-font-weight);--awb-caption-title-font-style:var(--h2_typography-font-style);--awb-caption-title-size:var(--h2_typography-font-size);--awb-caption-title-transform:var(--h2_typography-text-transform);--awb-caption-title-line-height:var(--h2_typography-line-height);--awb-caption-title-letter-spacing:var(--h2_typography-letter-spacing);\"><div class=\"imageframe-align-center\"><span class=\" fusion-imageframe imageframe-none imageframe-2 hover-type-none\" style=\"border-radius:10px;\"><a href=\"https:\/\/www.kennel-podologue-phalsbourg.fr\/wp-content\/uploads\/2025\/05\/hadicape.png\" class=\"fusion-lightbox\" data-rel=\"iLightbox[fc05b34a96adc348608]\" data-title=\"hadicape\" title=\"hadicape\"><img decoding=\"async\" width=\"1024\" height=\"674\" alt=\"Place Parking Personnes \u00e0 Mobilit\u00e9 R\u00e9duite\" src=\"https:\/\/www.kennel-podologue-phalsbourg.fr\/wp-content\/uploads\/2025\/05\/hadicape-1024x674.png\" class=\"img-responsive wp-image-958\" srcset=\"https:\/\/www.kennel-podologue-phalsbourg.fr\/wp-content\/uploads\/2025\/05\/hadicape-200x132.png 200w, https:\/\/www.kennel-podologue-phalsbourg.fr\/wp-content\/uploads\/2025\/05\/hadicape-400x263.png 400w, https:\/\/www.kennel-podologue-phalsbourg.fr\/wp-content\/uploads\/2025\/05\/hadicape-600x395.png 600w, https:\/\/www.kennel-podologue-phalsbourg.fr\/wp-content\/uploads\/2025\/05\/hadicape-800x526.png 800w, https:\/\/www.kennel-podologue-phalsbourg.fr\/wp-content\/uploads\/2025\/05\/hadicape-1200x790.png 1200w, https:\/\/www.kennel-podologue-phalsbourg.fr\/wp-content\/uploads\/2025\/05\/hadicape.png 1316w\" sizes=\"(max-width: 800px) 100vw, 400px\" \/><\/a><\/span><\/div><\/div><div class=\"fusion-image-element in-legacy-container\" style=\"--awb-margin-top:20px;--awb-caption-title-font-family:var(--h2_typography-font-family);--awb-caption-title-font-weight:var(--h2_typography-font-weight);--awb-caption-title-font-style:var(--h2_typography-font-style);--awb-caption-title-size:var(--h2_typography-font-size);--awb-caption-title-transform:var(--h2_typography-text-transform);--awb-caption-title-line-height:var(--h2_typography-line-height);--awb-caption-title-letter-spacing:var(--h2_typography-letter-spacing);\"><span class=\" fusion-imageframe imageframe-none imageframe-3 hover-type-none\"><a href=\"https:\/\/www.kennel-podologue-phalsbourg.fr\/wp-content\/uploads\/2025\/05\/IMG_3964-scaled.jpg\" class=\"fusion-lightbox\" data-rel=\"iLightbox[04a039f526a9e42d37a]\" data-title=\"IMG_3964\" title=\"IMG_3964\"><img decoding=\"async\" width=\"300\" height=\"225\" src=\"https:\/\/www.kennel-podologue-phalsbourg.fr\/wp-content\/uploads\/2025\/05\/IMG_3964-300x225.jpg\" alt class=\"img-responsive wp-image-981\" srcset=\"https:\/\/www.kennel-podologue-phalsbourg.fr\/wp-content\/uploads\/2025\/05\/IMG_3964-200x150.jpg 200w, https:\/\/www.kennel-podologue-phalsbourg.fr\/wp-content\/uploads\/2025\/05\/IMG_3964-400x300.jpg 400w, https:\/\/www.kennel-podologue-phalsbourg.fr\/wp-content\/uploads\/2025\/05\/IMG_3964-600x450.jpg 600w, https:\/\/www.kennel-podologue-phalsbourg.fr\/wp-content\/uploads\/2025\/05\/IMG_3964-800x600.jpg 800w, https:\/\/www.kennel-podologue-phalsbourg.fr\/wp-content\/uploads\/2025\/05\/IMG_3964-1200x900.jpg 1200w\" sizes=\"(max-width: 800px) 100vw, 400px\" \/><\/a><\/span><\/div><\/div><\/div><div class=\"fusion-clearfix\"><\/div><\/div><\/div><div class=\"fusion-layout-column fusion_builder_column fusion-builder-column-2 fusion_builder_column_1_3 1_3 fusion-one-third fusion-column-first\" style=\"--awb-bg-blend:overlay;--awb-bg-size:cover;width:30.6666%; margin-right: 4%;\"><div class=\"fusion-column-wrapper fusion-flex-column-wrapper-legacy\"><div class=\"fusion-image-element in-legacy-container\" style=\"--awb-aspect-ratio: 100 \/ 110;--awb-mask-url: url(https:\/\/www.kennel-podologue-phalsbourg.fr\/wp-content\/plugins\/fusion-builder\/\/assets\/images\/masks\/mask-16.svg);--awb-caption-title-font-family:var(--h2_typography-font-family);--awb-caption-title-font-weight:var(--h2_typography-font-weight);--awb-caption-title-font-style:var(--h2_typography-font-style);--awb-caption-title-size:var(--h2_typography-font-size);--awb-caption-title-transform:var(--h2_typography-text-transform);--awb-caption-title-line-height:var(--h2_typography-line-height);--awb-caption-title-letter-spacing:var(--h2_typography-letter-spacing);\"><span class=\" fusion-imageframe imageframe-none imageframe-4 hover-type-none has-mask has-aspect-ratio\"><img decoding=\"async\" src=\"http:\/\/www.kennel-podologue-phalsbourg.fr\/wp-content\/uploads\/2015\/02\/Phalsbourg_IMG_3544-300x200.jpg\" class=\"img-responsive img-with-aspect-ratio\" data-parent-fit=\"cover\" data-parent-container=\".fusion-image-element\" alt \/><\/span><\/div><div class=\"fusion-clearfix\"><\/div><\/div><\/div><div class=\"fusion-layout-column fusion_builder_column fusion-builder-column-3 fusion_builder_column_1_3 1_3 fusion-one-third\" style=\"--awb-bg-blend:overlay;--awb-bg-size:cover;width:30.6666%; margin-right: 4%;\"><div class=\"fusion-column-wrapper fusion-flex-column-wrapper-legacy\"><div class=\"fusion-image-element fusion-image-align-center in-legacy-container\" style=\"text-align:center;--awb-caption-title-font-family:var(--h2_typography-font-family);--awb-caption-title-font-weight:var(--h2_typography-font-weight);--awb-caption-title-font-style:var(--h2_typography-font-style);--awb-caption-title-size:var(--h2_typography-font-size);--awb-caption-title-transform:var(--h2_typography-text-transform);--awb-caption-title-line-height:var(--h2_typography-line-height);--awb-caption-title-letter-spacing:var(--h2_typography-letter-spacing);\"><div class=\"imageframe-align-center\"><span class=\" fusion-imageframe imageframe-dropshadow imageframe-5 hover-type-none fusion-animated\" style=\"border-radius:5px;-webkit-box-shadow: 3px 3px 7px rgba(0,0,0,0.3);box-shadow: 3px 3px 7px rgba(0,0,0,0.3);\" data-animationType=\"fadeInUp\" data-animationDuration=\"0.6\" data-animationOffset=\"top-into-view\"><img decoding=\"async\" src=\"http:\/\/www.kennel-podologue-phalsbourg.fr\/wp-content\/uploads\/2015\/02\/panneau-phalsbourg.png\" alt class=\"img-responsive\"\/><\/span><\/div><\/div><div class=\"fusion-text fusion-text-1\" style=\"--awb-margin-top:20px;\"><h2 style=\"text-align: center;\">A 50m de la place d&rsquo;Armes \u00e0 Phalsbourg<\/h2>\n<\/div><div class=\"fusion-text fusion-text-2\"><h2>De la place d&rsquo;Armes se diriger en direction du restaurant \u00ab\u00a0Chabrot\u00a0\u00bb,<\/h2>\n<h2>puis continuer vers le Lyc\u00e9e Erckmann Chatrian.<\/h2>\n<h2>Dans la rue de l&rsquo;Arsenal, le cabinet est \u00e0 votre droite au num\u00e9ro 2.<\/h2>\n<\/div><div class=\"fusion-clearfix\"><\/div><\/div><\/div><div class=\"fusion-layout-column fusion_builder_column fusion-builder-column-4 fusion_builder_column_1_3 1_3 fusion-one-third fusion-column-last\" style=\"--awb-bg-blend:overlay;--awb-bg-size:cover;width:30.6666%;\"><div class=\"fusion-column-wrapper fusion-flex-column-wrapper-legacy\"><div class=\"fusion-image-element fusion-image-align-center in-legacy-container\" style=\"text-align:center;--awb-aspect-ratio: 100 \/ 100;--awb-mask-url: url(https:\/\/www.kennel-podologue-phalsbourg.fr\/wp-content\/plugins\/fusion-builder\/\/assets\/images\/masks\/mask-16.svg);--awb-caption-title-font-family:var(--h2_typography-font-family);--awb-caption-title-font-weight:var(--h2_typography-font-weight);--awb-caption-title-font-style:var(--h2_typography-font-style);--awb-caption-title-size:var(--h2_typography-font-size);--awb-caption-title-transform:var(--h2_typography-text-transform);--awb-caption-title-line-height:var(--h2_typography-line-height);--awb-caption-title-letter-spacing:var(--h2_typography-letter-spacing);\"><div class=\"imageframe-align-center\"><span class=\" fusion-imageframe imageframe-none imageframe-6 hover-type-none has-mask has-aspect-ratio fusion-animated\" data-animationType=\"fadeInUp\" data-animationDuration=\"0.6\" data-animationOffset=\"top-into-view\"><img decoding=\"async\" src=\"http:\/\/www.kennel-podologue-phalsbourg.fr\/wp-content\/uploads\/2015\/02\/phalsbourg_photos3_22_213_2121_212068_med.jpg\" class=\"img-responsive img-with-aspect-ratio\" data-parent-fit=\"cover\" data-parent-container=\".fusion-image-element\" alt \/><\/span><\/div><\/div><div class=\"fusion-clearfix\"><\/div><\/div><\/div><\/div><\/div>\n","protected":false},"excerpt":{"rendered":"","protected":false},"author":1,"featured_media":0,"parent":0,"menu_order":0,"comment_status":"closed","ping_status":"open","template":"","meta":{"footnotes":""},"class_list":["post-13","page","type-page","status-publish","hentry"],"_links":{"self":[{"href":"https:\/\/www.kennel-podologue-phalsbourg.fr\/index.php?rest_route=\/wp\/v2\/pages\/13","targetHints":{"allow":["GET"]}}],"collection":[{"href":"https:\/\/www.kennel-podologue-phalsbourg.fr\/index.php?rest_route=\/wp\/v2\/pages"}],"about":[{"href":"https:\/\/www.kennel-podologue-phalsbourg.fr\/index.php?rest_route=\/wp\/v2\/types\/page"}],"author":[{"embeddable":true,"href":"https:\/\/www.kennel-podologue-phalsbourg.fr\/index.php?rest_route=\/wp\/v2\/users\/1"}],"replies":[{"embeddable":true,"href":"https:\/\/www.kennel-podologue-phalsbourg.fr\/index.php?rest_route=%2Fwp%2Fv2%2Fcomments&post=13"}],"version-history":[{"count":102,"href":"https:\/\/www.kennel-podologue-phalsbourg.fr\/index.php?rest_route=\/wp\/v2\/pages\/13\/revisions"}],"predecessor-version":[{"id":998,"href":"https:\/\/www.kennel-podologue-phalsbourg.fr\/index.php?rest_route=\/wp\/v2\/pages\/13\/revisions\/998"}],"wp:attachment":[{"href":"https:\/\/www.kennel-podologue-phalsbourg.fr\/index.php?rest_route=%2Fwp%2Fv2%2Fmedia&parent=13"}],"curies":[{"name":"wp","href":"https:\/\/api.w.org\/{rel}","templated":true}]}}